{"id":3283,"date":"2022-01-31T15:12:40","date_gmt":"2022-01-31T14:12:40","guid":{"rendered":"https:\/\/nathalie-aurand-sophrologue.fr\/?page_id=3283"},"modified":"2025-05-15T17:26:58","modified_gmt":"2025-05-15T15:26:58","slug":"actualites-restez-en-contact","status":"publish","type":"page","link":"https:\/\/nathalie-aurand-sophrologue.fr\/?page_id=3283","title":{"rendered":"Actualit\u00e9s : Restez en contact !"},"content":{"rendered":"\t\t<div data-elementor-type=\"wp-page\" data-elementor-id=\"3283\" class=\"elementor elementor-3283\">\n\t\t\t\t\t\t<section class=\"elementor-section elementor-top-section elementor-element elementor-element-00c9258 elementor-section-stretched elementor-section-boxed elementor-section-height-default elementor-section-height-default elementor-invisible\" data-id=\"00c9258\" data-element_type=\"section\" data-e-type=\"section\" data-settings=\"{&quot;stretch_section&quot;:&quot;section-stretched&quot;,&quot;background_background&quot;:&quot;classic&quot;,&quot;shape_divider_top&quot;:&quot;pyramids&quot;,&quot;shape_divider_bottom&quot;:&quot;pyramids&quot;,&quot;animation&quot;:&quot;flash&quot;,&quot;animation_delay&quot;:400}\">\n\t\t\t\t\t\t\t<div class=\"elementor-background-overlay\"><\/div>\n\t\t\t\t\t\t<div class=\"elementor-shape elementor-shape-top\" aria-hidden=\"true\" data-negative=\"false\">\n\t\t\t<svg xmlns=\"http:\/\/www.w3.org\/2000\/svg\" viewBox=\"0 0 1000 100\" preserveAspectRatio=\"none\">\n\t<path class=\"elementor-shape-fill\" d=\"M761.9,44.1L643.1,27.2L333.8,98L0,3.8V0l1000,0v3.9\"\/>\n<\/svg>\t\t<\/div>\n\t\t\t\t<div class=\"elementor-shape elementor-shape-bottom\" aria-hidden=\"true\" data-negative=\"false\">\n\t\t\t<svg xmlns=\"http:\/\/www.w3.org\/2000\/svg\" viewBox=\"0 0 1000 100\" preserveAspectRatio=\"none\">\n\t<path class=\"elementor-shape-fill\" d=\"M761.9,44.1L643.1,27.2L333.8,98L0,3.8V0l1000,0v3.9\"\/>\n<\/svg>\t\t<\/div>\n\t\t\t\t\t<div class=\"elementor-container elementor-column-gap-default\">\n\t\t\t\t\t<div class=\"elementor-column elementor-col-100 elementor-top-column elementor-element elementor-element-2088658\" data-id=\"2088658\" data-element_type=\"column\" data-e-type=\"column\">\n\t\t\t<div class=\"elementor-widget-wrap elementor-element-populated\">\n\t\t\t\t\t\t<div class=\"elementor-element elementor-element-1af6d67 elementor-widget elementor-widget-heading\" data-id=\"1af6d67\" data-element_type=\"widget\" data-e-type=\"widget\" data-widget_type=\"heading.default\">\n\t\t\t\t<div class=\"elementor-widget-container\">\n\t\t\t\t\t<h2 class=\"elementor-heading-title elementor-size-large\"><a href=\"https:\/\/nathalie-aurand-sophrologue.fr\/?page_id=2921\">Demandez votre cadeau en m'envoyant un petit mail !!\n\n<\/a><\/h2>\t\t\t\t<\/div>\n\t\t\t\t<\/div>\n\t\t\t\t<div class=\"elementor-element elementor-element-c3340b3 elementor-widget elementor-widget-image\" data-id=\"c3340b3\" data-element_type=\"widget\" data-e-type=\"widget\" data-widget_type=\"image.default\">\n\t\t\t\t<div class=\"elementor-widget-container\">\n\t\t\t\t\t\t\t\t\t\t\t\t\t\t\t\t<a href=\"https:\/\/nathalie-aurand-sophrologue.fr\/?page_id=2921\" target=\"_blank\">\n\t\t\t\t\t\t\t<img fetchpriority=\"high\" decoding=\"async\" width=\"768\" height=\"767\" src=\"https:\/\/nathalie-aurand-sophrologue.fr\/wp-content\/uploads\/2022\/01\/gift-g1fb8a1c16_1920-768x767.png\" class=\"attachment-medium_large size-medium_large wp-image-2184\" alt=\"Cadeau sophrologie\" srcset=\"https:\/\/nathalie-aurand-sophrologue.fr\/wp-content\/uploads\/2022\/01\/gift-g1fb8a1c16_1920-768x767.png 768w, https:\/\/nathalie-aurand-sophrologue.fr\/wp-content\/uploads\/2022\/01\/gift-g1fb8a1c16_1920-300x300.png 300w, https:\/\/nathalie-aurand-sophrologue.fr\/wp-content\/uploads\/2022\/01\/gift-g1fb8a1c16_1920-1024x1024.png 1024w, https:\/\/nathalie-aurand-sophrologue.fr\/wp-content\/uploads\/2022\/01\/gift-g1fb8a1c16_1920-150x150.png 150w, https:\/\/nathalie-aurand-sophrologue.fr\/wp-content\/uploads\/2022\/01\/gift-g1fb8a1c16_1920-1536x1534.png 1536w, https:\/\/nathalie-aurand-sophrologue.fr\/wp-content\/uploads\/2022\/01\/gift-g1fb8a1c16_1920.png 1920w\" sizes=\"(max-width: 768px) 100vw, 768px\" \/>\t\t\t\t\t\t\t\t<\/a>\n\t\t\t\t\t\t\t\t\t\t\t\t\t\t\t<\/div>\n\t\t\t\t<\/div>\n\t\t\t\t\t<\/div>\n\t\t<\/div>\n\t\t\t\t\t<\/div>\n\t\t<\/section>\n\t\t\t\t<section class=\"elementor-section elementor-top-section elementor-element elementor-element-adb1d1e elementor-section-boxed elementor-section-height-default elementor-section-height-default\" data-id=\"adb1d1e\" data-element_type=\"section\" data-e-type=\"section\">\n\t\t\t\t\t\t<div class=\"elementor-container elementor-column-gap-default\">\n\t\t\t\t\t<div class=\"elementor-column elementor-col-100 elementor-top-column elementor-element elementor-element-e3847e3\" data-id=\"e3847e3\" data-element_type=\"column\" data-e-type=\"column\">\n\t\t\t<div class=\"elementor-widget-wrap elementor-element-populated\">\n\t\t\t\t\t\t<div class=\"elementor-element elementor-element-45fb663 elementor-widget elementor-widget-text-editor\" data-id=\"45fb663\" data-element_type=\"widget\" data-e-type=\"widget\" data-widget_type=\"text-editor.default\">\n\t\t\t\t<div class=\"elementor-widget-container\">\n\t\t\t\t\t\t\t\t\t<p><strong>aurand.d.vous.sophro@gmail.com<\/strong><\/p>\t\t\t\t\t\t\t\t<\/div>\n\t\t\t\t<\/div>\n\t\t\t\t\t<\/div>\n\t\t<\/div>\n\t\t\t\t\t<\/div>\n\t\t<\/section>\n\t\t\t\t<section class=\"elementor-section elementor-top-section elementor-element elementor-element-1f0ded2 elementor-section-boxed elementor-section-height-default elementor-section-height-default\" data-id=\"1f0ded2\" data-element_type=\"section\" data-e-type=\"section\">\n\t\t\t\t\t\t<div class=\"elementor-container elementor-column-gap-default\">\n\t\t\t\t\t<div class=\"elementor-column elementor-col-100 elementor-top-column elementor-element elementor-element-4ca454f\" data-id=\"4ca454f\" data-element_type=\"column\" data-e-type=\"column\">\n\t\t\t<div class=\"elementor-widget-wrap elementor-element-populated\">\n\t\t\t\t\t\t<div class=\"elementor-element elementor-element-3f98812 elementor-widget elementor-widget-text-editor\" data-id=\"3f98812\" data-element_type=\"widget\" data-e-type=\"widget\" data-widget_type=\"text-editor.default\">\n\t\t\t\t<div class=\"elementor-widget-container\">\n\t\t\t\t\t\t\t\t\t<p>Vous pourrez ainsi rester en contact pour \u00eatre inform\u00e9.e de mon actualit\u00e9 !!<\/p>\t\t\t\t\t\t\t\t<\/div>\n\t\t\t\t<\/div>\n\t\t\t\t\t<\/div>\n\t\t<\/div>\n\t\t\t\t\t<\/div>\n\t\t<\/section>\n\t\t\t\t<\/div>\n\t\t","protected":false},"excerpt":{"rendered":"<p>Demandez votre cadeau en m&rsquo;envoyant un petit mail !! aurand.d.vous.sophro@gmail.com Vous pourrez ainsi rester en contact pour \u00eatre inform\u00e9.e de mon actualit\u00e9 !!<\/p>\n","protected":false},"author":2,"featured_media":0,"parent":2921,"menu_order":0,"comment_status":"closed","ping_status":"closed","template":"","meta":{"site-sidebar-layout":"default","site-content-layout":"","ast-site-content-layout":"default","site-content-style":"default","site-sidebar-style":"default","ast-global-header-display":"","ast-banner-title-visibility":"","ast-main-header-display":"","ast-hfb-above-header-display":"","ast-hfb-below-header-display":"","ast-hfb-mobile-header-display":"","site-post-title":"","ast-breadcrumbs-content":"","ast-featured-img":"","footer-sml-layout":"","ast-disable-related-posts":"","theme-transparent-header-meta":"","adv-header-id-meta":"","stick-header-meta":"","header-above-stick-meta":"","header-main-stick-meta":"","header-below-stick-meta":"","astra-migrate-meta-layouts":"set","ast-page-background-enabled":"default","ast-page-background-meta":{"desktop":{"background-color":"var(--ast-global-color-4)","background-image":"","background-repeat":"repeat","background-position":"center center","background-size":"auto","background-attachment":"scroll","background-type":"","background-media":"","overlay-type":"","overlay-color":"","overlay-opacity":"","overlay-gradient":""},"tablet":{"background-color":"","background-image":"","background-repeat":"repeat","background-position":"center center","background-size":"auto","background-attachment":"scroll","background-type":"","background-media":"","overlay-type":"","overlay-color":"","overlay-opacity":"","overlay-gradient":""},"mobile":{"background-color":"","background-image":"","background-repeat":"repeat","background-position":"center center","background-size":"auto","background-attachment":"scroll","background-type":"","background-media":"","overlay-type":"","overlay-color":"","overlay-opacity":"","overlay-gradient":""}},"ast-content-background-meta":{"desktop":{"background-color":"var(--ast-global-color-5)","background-image":"","background-repeat":"repeat","background-position":"center center","background-size":"auto","background-attachment":"scroll","background-type":"","background-media":"","overlay-type":"","overlay-color":"","overlay-opacity":"","overlay-gradient":""},"tablet":{"background-color":"var(--ast-global-color-5)","background-image":"","background-repeat":"repeat","background-position":"center center","background-size":"auto","background-attachment":"scroll","background-type":"","background-media":"","overlay-type":"","overlay-color":"","overlay-opacity":"","overlay-gradient":""},"mobile":{"background-color":"var(--ast-global-color-5)","background-image":"","background-repeat":"repeat","background-position":"center center","background-size":"auto","background-attachment":"scroll","background-type":"","background-media":"","overlay-type":"","overlay-color":"","overlay-opacity":"","overlay-gradient":""}},"footnotes":""},"class_list":["post-3283","page","type-page","status-publish","hentry"],"yoast_head":"<!-- This site is optimized with the Yoast SEO plugin v27.4 - https:\/\/yoast.com\/product\/yoast-seo-wordpress\/ -->\n<title>Actualit\u00e9s : Restez en contact ! - Jules Renard :<\/title>\n<meta name=\"description\" content=\"Actualit\u00e9s : Restez en contact pour \u00eatre inform\u00e9(e) des derniers articles mis en ligne, des ateliers et des \u00e9v\u00e8nements \u00e0 venir !\" \/>\n<meta name=\"robots\" content=\"index, follow, max-snippet:-1, max-image-preview:large, max-video-preview:-1\" \/>\n<link rel=\"canonical\" href=\"https:\/\/nathalie-aurand-sophrologue.fr\/?page_id=3283\" \/>\n<meta property=\"og:locale\" content=\"fr_FR\" \/>\n<meta property=\"og:type\" content=\"article\" \/>\n<meta property=\"og:title\" content=\"Actualit\u00e9s : Restez en contact ! - Jules Renard :\" \/>\n<meta property=\"og:description\" content=\"Actualit\u00e9s : Restez en contact pour \u00eatre inform\u00e9(e) des derniers articles mis en ligne, des ateliers et des \u00e9v\u00e8nements \u00e0 venir !\" \/>\n<meta property=\"og:url\" content=\"https:\/\/nathalie-aurand-sophrologue.fr\/?page_id=3283\" \/>\n<meta property=\"og:site_name\" content=\"Jules Renard :\" \/>\n<meta property=\"article:modified_time\" content=\"2025-05-15T15:26:58+00:00\" \/>\n<meta property=\"og:image\" content=\"https:\/\/nathalie-aurand-sophrologue.fr\/wp-content\/uploads\/2022\/01\/gift-g1fb8a1c16_1920-768x767.png\" \/>\n<meta name=\"twitter:card\" content=\"summary_large_image\" \/>\n<meta name=\"twitter:label1\" content=\"Dur\u00e9e de lecture estim\u00e9e\" \/>\n\t<meta name=\"twitter:data1\" content=\"1 minute\" \/>\n<script type=\"application\/ld+json\" class=\"yoast-schema-graph\">{\"@context\":\"https:\\\/\\\/schema.org\",\"@graph\":[{\"@type\":\"WebPage\",\"@id\":\"https:\\\/\\\/nathalie-aurand-sophrologue.fr\\\/?page_id=3283\",\"url\":\"https:\\\/\\\/nathalie-aurand-sophrologue.fr\\\/?page_id=3283\",\"name\":\"Actualit\u00e9s : Restez en contact ! - Jules Renard :\",\"isPartOf\":{\"@id\":\"https:\\\/\\\/nathalie-aurand-sophrologue.fr\\\/#website\"},\"primaryImageOfPage\":{\"@id\":\"https:\\\/\\\/nathalie-aurand-sophrologue.fr\\\/?page_id=3283#primaryimage\"},\"image\":{\"@id\":\"https:\\\/\\\/nathalie-aurand-sophrologue.fr\\\/?page_id=3283#primaryimage\"},\"thumbnailUrl\":\"https:\\\/\\\/nathalie-aurand-sophrologue.fr\\\/wp-content\\\/uploads\\\/2022\\\/01\\\/gift-g1fb8a1c16_1920-768x767.png\",\"datePublished\":\"2022-01-31T14:12:40+00:00\",\"dateModified\":\"2025-05-15T15:26:58+00:00\",\"description\":\"Actualit\u00e9s : Restez en contact pour \u00eatre inform\u00e9(e) des derniers articles mis en ligne, des ateliers et des \u00e9v\u00e8nements \u00e0 venir !\",\"breadcrumb\":{\"@id\":\"https:\\\/\\\/nathalie-aurand-sophrologue.fr\\\/?page_id=3283#breadcrumb\"},\"inLanguage\":\"fr-FR\",\"potentialAction\":[{\"@type\":\"ReadAction\",\"target\":[\"https:\\\/\\\/nathalie-aurand-sophrologue.fr\\\/?page_id=3283\"]}]},{\"@type\":\"ImageObject\",\"inLanguage\":\"fr-FR\",\"@id\":\"https:\\\/\\\/nathalie-aurand-sophrologue.fr\\\/?page_id=3283#primaryimage\",\"url\":\"https:\\\/\\\/nathalie-aurand-sophrologue.fr\\\/wp-content\\\/uploads\\\/2022\\\/01\\\/gift-g1fb8a1c16_1920.png\",\"contentUrl\":\"https:\\\/\\\/nathalie-aurand-sophrologue.fr\\\/wp-content\\\/uploads\\\/2022\\\/01\\\/gift-g1fb8a1c16_1920.png\",\"width\":1920,\"height\":1918,\"caption\":\"Cadeau sophrologie\"},{\"@type\":\"BreadcrumbList\",\"@id\":\"https:\\\/\\\/nathalie-aurand-sophrologue.fr\\\/?page_id=3283#breadcrumb\",\"itemListElement\":[{\"@type\":\"ListItem\",\"position\":1,\"name\":\"Accueil\",\"item\":\"https:\\\/\\\/nathalie-aurand-sophrologue.fr\\\/\"},{\"@type\":\"ListItem\",\"position\":2,\"name\":\"Sophro&rsquo;infos : la lettre d&rsquo;informations !\",\"item\":\"https:\\\/\\\/nathalie-aurand-sophrologue.fr\\\/?page_id=2921\"},{\"@type\":\"ListItem\",\"position\":3,\"name\":\"Actualit\u00e9s : Restez en contact !\"}]},{\"@type\":\"WebSite\",\"@id\":\"https:\\\/\\\/nathalie-aurand-sophrologue.fr\\\/#website\",\"url\":\"https:\\\/\\\/nathalie-aurand-sophrologue.fr\\\/\",\"name\":\"Jules Renard :\",\"description\":\"&quot;Papillon. Ce billet doux pli\u00e9 cherche une adresse de fleur&quot;. \",\"publisher\":{\"@id\":\"https:\\\/\\\/nathalie-aurand-sophrologue.fr\\\/#organization\"},\"potentialAction\":[{\"@type\":\"SearchAction\",\"target\":{\"@type\":\"EntryPoint\",\"urlTemplate\":\"https:\\\/\\\/nathalie-aurand-sophrologue.fr\\\/?s={search_term_string}\"},\"query-input\":{\"@type\":\"PropertyValueSpecification\",\"valueRequired\":true,\"valueName\":\"search_term_string\"}}],\"inLanguage\":\"fr-FR\"},{\"@type\":\"Organization\",\"@id\":\"https:\\\/\\\/nathalie-aurand-sophrologue.fr\\\/#organization\",\"name\":\"Jules Renard :\",\"url\":\"https:\\\/\\\/nathalie-aurand-sophrologue.fr\\\/\",\"logo\":{\"@type\":\"ImageObject\",\"inLanguage\":\"fr-FR\",\"@id\":\"https:\\\/\\\/nathalie-aurand-sophrologue.fr\\\/#\\\/schema\\\/logo\\\/image\\\/\",\"url\":\"https:\\\/\\\/nathalie-aurand-sophrologue.fr\\\/wp-content\\\/uploads\\\/2021\\\/12\\\/cropped-entete-bl-2-scaled.png\",\"contentUrl\":\"https:\\\/\\\/nathalie-aurand-sophrologue.fr\\\/wp-content\\\/uploads\\\/2021\\\/12\\\/cropped-entete-bl-2-scaled.png\",\"width\":2560,\"height\":1782,\"caption\":\"Jules Renard :\"},\"image\":{\"@id\":\"https:\\\/\\\/nathalie-aurand-sophrologue.fr\\\/#\\\/schema\\\/logo\\\/image\\\/\"}}]}<\/script>\n<!-- \/ Yoast SEO plugin. -->","yoast_head_json":{"title":"Actualit\u00e9s : Restez en contact ! - Jules Renard :","description":"Actualit\u00e9s : Restez en contact pour \u00eatre inform\u00e9(e) des derniers articles mis en ligne, des ateliers et des \u00e9v\u00e8nements \u00e0 venir !","robots":{"index":"index","follow":"follow","max-snippet":"max-snippet:-1","max-image-preview":"max-image-preview:large","max-video-preview":"max-video-preview:-1"},"canonical":"https:\/\/nathalie-aurand-sophrologue.fr\/?page_id=3283","og_locale":"fr_FR","og_type":"article","og_title":"Actualit\u00e9s : Restez en contact ! - Jules Renard :","og_description":"Actualit\u00e9s : Restez en contact pour \u00eatre inform\u00e9(e) des derniers articles mis en ligne, des ateliers et des \u00e9v\u00e8nements \u00e0 venir !","og_url":"https:\/\/nathalie-aurand-sophrologue.fr\/?page_id=3283","og_site_name":"Jules Renard :","article_modified_time":"2025-05-15T15:26:58+00:00","og_image":[{"url":"https:\/\/nathalie-aurand-sophrologue.fr\/wp-content\/uploads\/2022\/01\/gift-g1fb8a1c16_1920-768x767.png","type":"","width":"","height":""}],"twitter_card":"summary_large_image","twitter_misc":{"Dur\u00e9e de lecture estim\u00e9e":"1 minute"},"schema":{"@context":"https:\/\/schema.org","@graph":[{"@type":"WebPage","@id":"https:\/\/nathalie-aurand-sophrologue.fr\/?page_id=3283","url":"https:\/\/nathalie-aurand-sophrologue.fr\/?page_id=3283","name":"Actualit\u00e9s : Restez en contact ! - Jules Renard :","isPartOf":{"@id":"https:\/\/nathalie-aurand-sophrologue.fr\/#website"},"primaryImageOfPage":{"@id":"https:\/\/nathalie-aurand-sophrologue.fr\/?page_id=3283#primaryimage"},"image":{"@id":"https:\/\/nathalie-aurand-sophrologue.fr\/?page_id=3283#primaryimage"},"thumbnailUrl":"https:\/\/nathalie-aurand-sophrologue.fr\/wp-content\/uploads\/2022\/01\/gift-g1fb8a1c16_1920-768x767.png","datePublished":"2022-01-31T14:12:40+00:00","dateModified":"2025-05-15T15:26:58+00:00","description":"Actualit\u00e9s : Restez en contact pour \u00eatre inform\u00e9(e) des derniers articles mis en ligne, des ateliers et des \u00e9v\u00e8nements \u00e0 venir !","breadcrumb":{"@id":"https:\/\/nathalie-aurand-sophrologue.fr\/?page_id=3283#breadcrumb"},"inLanguage":"fr-FR","potentialAction":[{"@type":"ReadAction","target":["https:\/\/nathalie-aurand-sophrologue.fr\/?page_id=3283"]}]},{"@type":"ImageObject","inLanguage":"fr-FR","@id":"https:\/\/nathalie-aurand-sophrologue.fr\/?page_id=3283#primaryimage","url":"https:\/\/nathalie-aurand-sophrologue.fr\/wp-content\/uploads\/2022\/01\/gift-g1fb8a1c16_1920.png","contentUrl":"https:\/\/nathalie-aurand-sophrologue.fr\/wp-content\/uploads\/2022\/01\/gift-g1fb8a1c16_1920.png","width":1920,"height":1918,"caption":"Cadeau sophrologie"},{"@type":"BreadcrumbList","@id":"https:\/\/nathalie-aurand-sophrologue.fr\/?page_id=3283#breadcrumb","itemListElement":[{"@type":"ListItem","position":1,"name":"Accueil","item":"https:\/\/nathalie-aurand-sophrologue.fr\/"},{"@type":"ListItem","position":2,"name":"Sophro&rsquo;infos : la lettre d&rsquo;informations !","item":"https:\/\/nathalie-aurand-sophrologue.fr\/?page_id=2921"},{"@type":"ListItem","position":3,"name":"Actualit\u00e9s : Restez en contact !"}]},{"@type":"WebSite","@id":"https:\/\/nathalie-aurand-sophrologue.fr\/#website","url":"https:\/\/nathalie-aurand-sophrologue.fr\/","name":"Jules Renard :","description":"&quot;Papillon. Ce billet doux pli\u00e9 cherche une adresse de fleur&quot;. ","publisher":{"@id":"https:\/\/nathalie-aurand-sophrologue.fr\/#organization"},"potentialAction":[{"@type":"SearchAction","target":{"@type":"EntryPoint","urlTemplate":"https:\/\/nathalie-aurand-sophrologue.fr\/?s={search_term_string}"},"query-input":{"@type":"PropertyValueSpecification","valueRequired":true,"valueName":"search_term_string"}}],"inLanguage":"fr-FR"},{"@type":"Organization","@id":"https:\/\/nathalie-aurand-sophrologue.fr\/#organization","name":"Jules Renard :","url":"https:\/\/nathalie-aurand-sophrologue.fr\/","logo":{"@type":"ImageObject","inLanguage":"fr-FR","@id":"https:\/\/nathalie-aurand-sophrologue.fr\/#\/schema\/logo\/image\/","url":"https:\/\/nathalie-aurand-sophrologue.fr\/wp-content\/uploads\/2021\/12\/cropped-entete-bl-2-scaled.png","contentUrl":"https:\/\/nathalie-aurand-sophrologue.fr\/wp-content\/uploads\/2021\/12\/cropped-entete-bl-2-scaled.png","width":2560,"height":1782,"caption":"Jules Renard :"},"image":{"@id":"https:\/\/nathalie-aurand-sophrologue.fr\/#\/schema\/logo\/image\/"}}]}},"_links":{"self":[{"href":"https:\/\/nathalie-aurand-sophrologue.fr\/index.php?rest_route=\/wp\/v2\/pages\/3283","targetHints":{"allow":["GET"]}}],"collection":[{"href":"https:\/\/nathalie-aurand-sophrologue.fr\/index.php?rest_route=\/wp\/v2\/pages"}],"about":[{"href":"https:\/\/nathalie-aurand-sophrologue.fr\/index.php?rest_route=\/wp\/v2\/types\/page"}],"author":[{"embeddable":true,"href":"https:\/\/nathalie-aurand-sophrologue.fr\/index.php?rest_route=\/wp\/v2\/users\/2"}],"replies":[{"embeddable":true,"href":"https:\/\/nathalie-aurand-sophrologue.fr\/index.php?rest_route=%2Fwp%2Fv2%2Fcomments&post=3283"}],"version-history":[{"count":5,"href":"https:\/\/nathalie-aurand-sophrologue.fr\/index.php?rest_route=\/wp\/v2\/pages\/3283\/revisions"}],"predecessor-version":[{"id":4770,"href":"https:\/\/nathalie-aurand-sophrologue.fr\/index.php?rest_route=\/wp\/v2\/pages\/3283\/revisions\/4770"}],"up":[{"embeddable":true,"href":"https:\/\/nathalie-aurand-sophrologue.fr\/index.php?rest_route=\/wp\/v2\/pages\/2921"}],"wp:attachment":[{"href":"https:\/\/nathalie-aurand-sophrologue.fr\/index.php?rest_route=%2Fwp%2Fv2%2Fmedia&parent=3283"}],"curies":[{"name":"wp","href":"https:\/\/api.w.org\/{rel}","templated":true}]}}