{"id":2921,"date":"2022-01-24T09:31:33","date_gmt":"2022-01-24T08:31:33","guid":{"rendered":"https:\/\/nathalie-aurand-sophrologue.fr\/?page_id=2921"},"modified":"2025-05-15T17:16:00","modified_gmt":"2025-05-15T15:16:00","slug":"sophroinfos-la-lettre-dinformations","status":"publish","type":"page","link":"https:\/\/nathalie-aurand-sophrologue.fr\/?page_id=2921","title":{"rendered":"Sophro&rsquo;infos : la lettre d&rsquo;informations !"},"content":{"rendered":"\t\t<div data-elementor-type=\"wp-page\" data-elementor-id=\"2921\" class=\"elementor elementor-2921\">\n\t\t\t\t\t\t<section class=\"elementor-section elementor-top-section elementor-element elementor-element-003d07f elementor-section-boxed elementor-section-height-default elementor-section-height-default elementor-invisible\" data-id=\"003d07f\" data-element_type=\"section\" data-e-type=\"section\" data-settings=\"{&quot;shape_divider_top&quot;:&quot;mountains&quot;,&quot;shape_divider_bottom&quot;:&quot;mountains&quot;,&quot;animation&quot;:&quot;zoomInUp&quot;}\">\n\t\t\t\t\t<div class=\"elementor-shape elementor-shape-top\" aria-hidden=\"true\" data-negative=\"false\">\n\t\t\t<svg xmlns=\"http:\/\/www.w3.org\/2000\/svg\" viewBox=\"0 0 1000 100\" preserveAspectRatio=\"none\">\n\t<path class=\"elementor-shape-fill\" opacity=\"0.33\" d=\"M473,67.3c-203.9,88.3-263.1-34-320.3,0C66,119.1,0,59.7,0,59.7V0h1000v59.7 c0,0-62.1,26.1-94.9,29.3c-32.8,3.3-62.8-12.3-75.8-22.1C806,49.6,745.3,8.7,694.9,4.7S492.4,59,473,67.3z\"\/>\n\t<path class=\"elementor-shape-fill\" opacity=\"0.66\" d=\"M734,67.3c-45.5,0-77.2-23.2-129.1-39.1c-28.6-8.7-150.3-10.1-254,39.1 s-91.7-34.4-149.2,0C115.7,118.3,0,39.8,0,39.8V0h1000v36.5c0,0-28.2-18.5-92.1-18.5C810.2,18.1,775.7,67.3,734,67.3z\"\/>\n\t<path class=\"elementor-shape-fill\" d=\"M766.1,28.9c-200-57.5-266,65.5-395.1,19.5C242,1.8,242,5.4,184.8,20.6C128,35.8,132.3,44.9,89.9,52.5C28.6,63.7,0,0,0,0 h1000c0,0-9.9,40.9-83.6,48.1S829.6,47,766.1,28.9z\"\/>\n<\/svg>\t\t<\/div>\n\t\t\t\t<div class=\"elementor-shape elementor-shape-bottom\" aria-hidden=\"true\" data-negative=\"false\">\n\t\t\t<svg xmlns=\"http:\/\/www.w3.org\/2000\/svg\" viewBox=\"0 0 1000 100\" preserveAspectRatio=\"none\">\n\t<path class=\"elementor-shape-fill\" opacity=\"0.33\" d=\"M473,67.3c-203.9,88.3-263.1-34-320.3,0C66,119.1,0,59.7,0,59.7V0h1000v59.7 c0,0-62.1,26.1-94.9,29.3c-32.8,3.3-62.8-12.3-75.8-22.1C806,49.6,745.3,8.7,694.9,4.7S492.4,59,473,67.3z\"\/>\n\t<path class=\"elementor-shape-fill\" opacity=\"0.66\" d=\"M734,67.3c-45.5,0-77.2-23.2-129.1-39.1c-28.6-8.7-150.3-10.1-254,39.1 s-91.7-34.4-149.2,0C115.7,118.3,0,39.8,0,39.8V0h1000v36.5c0,0-28.2-18.5-92.1-18.5C810.2,18.1,775.7,67.3,734,67.3z\"\/>\n\t<path class=\"elementor-shape-fill\" d=\"M766.1,28.9c-200-57.5-266,65.5-395.1,19.5C242,1.8,242,5.4,184.8,20.6C128,35.8,132.3,44.9,89.9,52.5C28.6,63.7,0,0,0,0 h1000c0,0-9.9,40.9-83.6,48.1S829.6,47,766.1,28.9z\"\/>\n<\/svg>\t\t<\/div>\n\t\t\t\t\t<div class=\"elementor-container elementor-column-gap-default\">\n\t\t\t\t\t<div class=\"elementor-column elementor-col-100 elementor-top-column elementor-element elementor-element-989b12e\" data-id=\"989b12e\" data-element_type=\"column\" data-e-type=\"column\">\n\t\t\t<div class=\"elementor-widget-wrap elementor-element-populated\">\n\t\t\t\t\t\t<div class=\"elementor-element elementor-element-0da8ef5 elementor-widget elementor-widget-text-editor\" data-id=\"0da8ef5\" data-element_type=\"widget\" data-e-type=\"widget\" data-widget_type=\"text-editor.default\">\n\t\t\t\t<div class=\"elementor-widget-container\">\n\t\t\t\t\t\t\t\t\t<p><strong>Abonnez-vous \u00e0 la lettre d&rsquo;informations, \u00ab\u00a0sophro&rsquo;infos\u00a0\u00bb, pour \u00eatre inform\u00e9(e) des derniers articles mis en ligne, des ateliers et des \u00e9v\u00e8nements \u00e0 venir !<\/strong><\/p>\t\t\t\t\t\t\t\t<\/div>\n\t\t\t\t<\/div>\n\t\t\t\t\t<\/div>\n\t\t<\/div>\n\t\t\t\t\t<\/div>\n\t\t<\/section>\n\t\t\t\t<section class=\"elementor-section elementor-top-section elementor-element elementor-element-80b7431 elementor-section-boxed elementor-section-height-default elementor-section-height-default\" data-id=\"80b7431\" data-element_type=\"section\" data-e-type=\"section\">\n\t\t\t\t\t\t<div class=\"elementor-container elementor-column-gap-default\">\n\t\t\t\t\t<div class=\"elementor-column elementor-col-100 elementor-top-column elementor-element elementor-element-3f0b3d3\" data-id=\"3f0b3d3\" data-element_type=\"column\" data-e-type=\"column\">\n\t\t\t<div class=\"elementor-widget-wrap elementor-element-populated\">\n\t\t\t\t\t\t<div class=\"elementor-element elementor-element-db4524c elementor-widget elementor-widget-text-editor\" data-id=\"db4524c\" data-element_type=\"widget\" data-e-type=\"widget\" data-widget_type=\"text-editor.default\">\n\t\t\t\t<div class=\"elementor-widget-container\">\n\t\t\t\t\t\t\t\t\t<h2><strong>aurand.d.vous.sophro@gmail.com<\/strong><\/h2>\t\t\t\t\t\t\t\t<\/div>\n\t\t\t\t<\/div>\n\t\t\t\t\t<\/div>\n\t\t<\/div>\n\t\t\t\t\t<\/div>\n\t\t<\/section>\n\t\t\t\t<section class=\"elementor-section elementor-top-section elementor-element elementor-element-0521821 elementor-section-boxed elementor-section-height-default elementor-section-height-default\" data-id=\"0521821\" data-element_type=\"section\" data-e-type=\"section\">\n\t\t\t\t\t\t<div class=\"elementor-container elementor-column-gap-default\">\n\t\t\t\t\t<div class=\"elementor-column elementor-col-100 elementor-top-column elementor-element elementor-element-a1e2a43\" data-id=\"a1e2a43\" data-element_type=\"column\" data-e-type=\"column\">\n\t\t\t<div class=\"elementor-widget-wrap elementor-element-populated\">\n\t\t\t\t\t\t<div class=\"elementor-element elementor-element-9dc1a67 elementor-widget elementor-widget-image\" data-id=\"9dc1a67\" data-element_type=\"widget\" data-e-type=\"widget\" data-widget_type=\"image.default\">\n\t\t\t\t<div class=\"elementor-widget-container\">\n\t\t\t\t\t\t\t\t\t\t\t\t\t\t\t\t<a href=\"https:\/\/nathalie-aurand-sophrologue.fr\/?page_id=3283\" target=\"_blank\">\n\t\t\t\t\t\t\t<img decoding=\"async\" width=\"150\" height=\"150\" src=\"https:\/\/nathalie-aurand-sophrologue.fr\/wp-content\/uploads\/2022\/01\/scroll-g2d21c4dbe_1920-150x150.jpg\" class=\"attachment-thumbnail size-thumbnail wp-image-2667\" alt=\"Sophro\u2019infos : la lettre d\u2019informations !\" srcset=\"https:\/\/nathalie-aurand-sophrologue.fr\/wp-content\/uploads\/2022\/01\/scroll-g2d21c4dbe_1920-150x150.jpg 150w, https:\/\/nathalie-aurand-sophrologue.fr\/wp-content\/uploads\/2022\/01\/scroll-g2d21c4dbe_1920-300x300.jpg 300w, https:\/\/nathalie-aurand-sophrologue.fr\/wp-content\/uploads\/2022\/01\/scroll-g2d21c4dbe_1920-1024x1024.jpg 1024w, https:\/\/nathalie-aurand-sophrologue.fr\/wp-content\/uploads\/2022\/01\/scroll-g2d21c4dbe_1920-768x768.jpg 768w, https:\/\/nathalie-aurand-sophrologue.fr\/wp-content\/uploads\/2022\/01\/scroll-g2d21c4dbe_1920-1536x1536.jpg 1536w, https:\/\/nathalie-aurand-sophrologue.fr\/wp-content\/uploads\/2022\/01\/scroll-g2d21c4dbe_1920.jpg 1920w\" sizes=\"(max-width: 150px) 100vw, 150px\" \/>\t\t\t\t\t\t\t\t<\/a>\n\t\t\t\t\t\t\t\t\t\t\t\t\t\t\t<\/div>\n\t\t\t\t<\/div>\n\t\t\t\t\t<\/div>\n\t\t<\/div>\n\t\t\t\t\t<\/div>\n\t\t<\/section>\n\t\t\t\t<\/div>\n\t\t","protected":false},"excerpt":{"rendered":"<p>Abonnez-vous \u00e0 la lettre d&rsquo;informations, \u00ab\u00a0sophro&rsquo;infos\u00a0\u00bb, pour \u00eatre inform\u00e9(e) des derniers articles mis en ligne, des ateliers et des \u00e9v\u00e8nements \u00e0 venir ! aurand.d.vous.sophro@gmail.com<\/p>\n","protected":false},"author":2,"featured_media":0,"parent":0,"menu_order":0,"comment_status":"closed","ping_status":"closed","template":"","meta":{"site-sidebar-layout":"default","site-content-layout":"","ast-site-content-layout":"default","site-content-style":"default","site-sidebar-style":"default","ast-global-header-display":"","ast-banner-title-visibility":"","ast-main-header-display":"","ast-hfb-above-header-display":"","ast-hfb-below-header-display":"","ast-hfb-mobile-header-display":"","site-post-title":"","ast-breadcrumbs-content":"","ast-featured-img":"","footer-sml-layout":"","ast-disable-related-posts":"","theme-transparent-header-meta":"","adv-header-id-meta":"","stick-header-meta":"","header-above-stick-meta":"","header-main-stick-meta":"","header-below-stick-meta":"","astra-migrate-meta-layouts":"set","ast-page-background-enabled":"default","ast-page-background-meta":{"desktop":{"background-color":"var(--ast-global-color-4)","background-image":"","background-repeat":"repeat","background-position":"center center","background-size":"auto","background-attachment":"scroll","background-type":"","background-media":"","overlay-type":"","overlay-color":"","overlay-opacity":"","overlay-gradient":""},"tablet":{"background-color":"","background-image":"","background-repeat":"repeat","background-position":"center center","background-size":"auto","background-attachment":"scroll","background-type":"","background-media":"","overlay-type":"","overlay-color":"","overlay-opacity":"","overlay-gradient":""},"mobile":{"background-color":"","background-image":"","background-repeat":"repeat","background-position":"center center","background-size":"auto","background-attachment":"scroll","background-type":"","background-media":"","overlay-type":"","overlay-color":"","overlay-opacity":"","overlay-gradient":""}},"ast-content-background-meta":{"desktop":{"background-color":"var(--ast-global-color-5)","background-image":"","background-repeat":"repeat","background-position":"center center","background-size":"auto","background-attachment":"scroll","background-type":"","background-media":"","overlay-type":"","overlay-color":"","overlay-opacity":"","overlay-gradient":""},"tablet":{"background-color":"var(--ast-global-color-5)","background-image":"","background-repeat":"repeat","background-position":"center center","background-size":"auto","background-attachment":"scroll","background-type":"","background-media":"","overlay-type":"","overlay-color":"","overlay-opacity":"","overlay-gradient":""},"mobile":{"background-color":"var(--ast-global-color-5)","background-image":"","background-repeat":"repeat","background-position":"center center","background-size":"auto","background-attachment":"scroll","background-type":"","background-media":"","overlay-type":"","overlay-color":"","overlay-opacity":"","overlay-gradient":""}},"footnotes":""},"class_list":["post-2921","page","type-page","status-publish","hentry"],"yoast_head":"<!-- This site is optimized with the Yoast SEO plugin v27.4 - https:\/\/yoast.com\/product\/yoast-seo-wordpress\/ -->\n<title>Sophro&#039;infos : la lettre d&#039;informations ! - Jules Renard :<\/title>\n<meta name=\"description\" content=\"Sophro&#039;infos : la lettre d&#039;informations ! Restez en contact pour \u00eatre inform\u00e9(e) des articles, des ateliers et des \u00e9v\u00e8nements \u00e0 venir !\" \/>\n<meta name=\"robots\" content=\"index, follow, max-snippet:-1, max-image-preview:large, max-video-preview:-1\" \/>\n<link rel=\"canonical\" href=\"https:\/\/nathalie-aurand-sophrologue.fr\/?page_id=2921\" \/>\n<meta property=\"og:locale\" content=\"fr_FR\" \/>\n<meta property=\"og:type\" content=\"article\" \/>\n<meta property=\"og:title\" content=\"Sophro&#039;infos : la lettre d&#039;informations ! - Jules Renard :\" \/>\n<meta property=\"og:description\" content=\"Sophro&#039;infos : la lettre d&#039;informations ! Restez en contact pour \u00eatre inform\u00e9(e) des articles, des ateliers et des \u00e9v\u00e8nements \u00e0 venir !\" \/>\n<meta property=\"og:url\" content=\"https:\/\/nathalie-aurand-sophrologue.fr\/?page_id=2921\" \/>\n<meta property=\"og:site_name\" content=\"Jules Renard :\" \/>\n<meta property=\"article:modified_time\" content=\"2025-05-15T15:16:00+00:00\" \/>\n<meta property=\"og:image\" content=\"https:\/\/nathalie-aurand-sophrologue.fr\/wp-content\/uploads\/2022\/01\/scroll-g2d21c4dbe_1920-150x150.jpg\" \/>\n<meta name=\"twitter:card\" content=\"summary_large_image\" \/>\n<meta name=\"twitter:label1\" content=\"Dur\u00e9e de lecture estim\u00e9e\" \/>\n\t<meta name=\"twitter:data1\" content=\"1 minute\" \/>\n<script type=\"application\/ld+json\" class=\"yoast-schema-graph\">{\"@context\":\"https:\\\/\\\/schema.org\",\"@graph\":[{\"@type\":\"WebPage\",\"@id\":\"https:\\\/\\\/nathalie-aurand-sophrologue.fr\\\/?page_id=2921\",\"url\":\"https:\\\/\\\/nathalie-aurand-sophrologue.fr\\\/?page_id=2921\",\"name\":\"Sophro'infos : la lettre d'informations ! - Jules Renard :\",\"isPartOf\":{\"@id\":\"https:\\\/\\\/nathalie-aurand-sophrologue.fr\\\/#website\"},\"primaryImageOfPage\":{\"@id\":\"https:\\\/\\\/nathalie-aurand-sophrologue.fr\\\/?page_id=2921#primaryimage\"},\"image\":{\"@id\":\"https:\\\/\\\/nathalie-aurand-sophrologue.fr\\\/?page_id=2921#primaryimage\"},\"thumbnailUrl\":\"https:\\\/\\\/nathalie-aurand-sophrologue.fr\\\/wp-content\\\/uploads\\\/2022\\\/01\\\/scroll-g2d21c4dbe_1920-150x150.jpg\",\"datePublished\":\"2022-01-24T08:31:33+00:00\",\"dateModified\":\"2025-05-15T15:16:00+00:00\",\"description\":\"Sophro'infos : la lettre d'informations ! Restez en contact pour \u00eatre inform\u00e9(e) des articles, des ateliers et des \u00e9v\u00e8nements \u00e0 venir !\",\"breadcrumb\":{\"@id\":\"https:\\\/\\\/nathalie-aurand-sophrologue.fr\\\/?page_id=2921#breadcrumb\"},\"inLanguage\":\"fr-FR\",\"potentialAction\":[{\"@type\":\"ReadAction\",\"target\":[\"https:\\\/\\\/nathalie-aurand-sophrologue.fr\\\/?page_id=2921\"]}]},{\"@type\":\"ImageObject\",\"inLanguage\":\"fr-FR\",\"@id\":\"https:\\\/\\\/nathalie-aurand-sophrologue.fr\\\/?page_id=2921#primaryimage\",\"url\":\"https:\\\/\\\/nathalie-aurand-sophrologue.fr\\\/wp-content\\\/uploads\\\/2022\\\/01\\\/scroll-g2d21c4dbe_1920.jpg\",\"contentUrl\":\"https:\\\/\\\/nathalie-aurand-sophrologue.fr\\\/wp-content\\\/uploads\\\/2022\\\/01\\\/scroll-g2d21c4dbe_1920.jpg\",\"width\":1920,\"height\":1920,\"caption\":\"Sophro\u2019infos : la lettre d\u2019informations !\"},{\"@type\":\"BreadcrumbList\",\"@id\":\"https:\\\/\\\/nathalie-aurand-sophrologue.fr\\\/?page_id=2921#breadcrumb\",\"itemListElement\":[{\"@type\":\"ListItem\",\"position\":1,\"name\":\"Accueil\",\"item\":\"https:\\\/\\\/nathalie-aurand-sophrologue.fr\\\/\"},{\"@type\":\"ListItem\",\"position\":2,\"name\":\"Sophro&rsquo;infos : la lettre d&rsquo;informations !\"}]},{\"@type\":\"WebSite\",\"@id\":\"https:\\\/\\\/nathalie-aurand-sophrologue.fr\\\/#website\",\"url\":\"https:\\\/\\\/nathalie-aurand-sophrologue.fr\\\/\",\"name\":\"Jules Renard :\",\"description\":\"&quot;Papillon. Ce billet doux pli\u00e9 cherche une adresse de fleur&quot;. \",\"publisher\":{\"@id\":\"https:\\\/\\\/nathalie-aurand-sophrologue.fr\\\/#organization\"},\"potentialAction\":[{\"@type\":\"SearchAction\",\"target\":{\"@type\":\"EntryPoint\",\"urlTemplate\":\"https:\\\/\\\/nathalie-aurand-sophrologue.fr\\\/?s={search_term_string}\"},\"query-input\":{\"@type\":\"PropertyValueSpecification\",\"valueRequired\":true,\"valueName\":\"search_term_string\"}}],\"inLanguage\":\"fr-FR\"},{\"@type\":\"Organization\",\"@id\":\"https:\\\/\\\/nathalie-aurand-sophrologue.fr\\\/#organization\",\"name\":\"Jules Renard :\",\"url\":\"https:\\\/\\\/nathalie-aurand-sophrologue.fr\\\/\",\"logo\":{\"@type\":\"ImageObject\",\"inLanguage\":\"fr-FR\",\"@id\":\"https:\\\/\\\/nathalie-aurand-sophrologue.fr\\\/#\\\/schema\\\/logo\\\/image\\\/\",\"url\":\"https:\\\/\\\/nathalie-aurand-sophrologue.fr\\\/wp-content\\\/uploads\\\/2021\\\/12\\\/cropped-entete-bl-2-scaled.png\",\"contentUrl\":\"https:\\\/\\\/nathalie-aurand-sophrologue.fr\\\/wp-content\\\/uploads\\\/2021\\\/12\\\/cropped-entete-bl-2-scaled.png\",\"width\":2560,\"height\":1782,\"caption\":\"Jules Renard :\"},\"image\":{\"@id\":\"https:\\\/\\\/nathalie-aurand-sophrologue.fr\\\/#\\\/schema\\\/logo\\\/image\\\/\"}}]}<\/script>\n<!-- \/ Yoast SEO plugin. -->","yoast_head_json":{"title":"Sophro'infos : la lettre d'informations ! - Jules Renard :","description":"Sophro'infos : la lettre d'informations ! Restez en contact pour \u00eatre inform\u00e9(e) des articles, des ateliers et des \u00e9v\u00e8nements \u00e0 venir !","robots":{"index":"index","follow":"follow","max-snippet":"max-snippet:-1","max-image-preview":"max-image-preview:large","max-video-preview":"max-video-preview:-1"},"canonical":"https:\/\/nathalie-aurand-sophrologue.fr\/?page_id=2921","og_locale":"fr_FR","og_type":"article","og_title":"Sophro'infos : la lettre d'informations ! - Jules Renard :","og_description":"Sophro'infos : la lettre d'informations ! Restez en contact pour \u00eatre inform\u00e9(e) des articles, des ateliers et des \u00e9v\u00e8nements \u00e0 venir !","og_url":"https:\/\/nathalie-aurand-sophrologue.fr\/?page_id=2921","og_site_name":"Jules Renard :","article_modified_time":"2025-05-15T15:16:00+00:00","og_image":[{"url":"https:\/\/nathalie-aurand-sophrologue.fr\/wp-content\/uploads\/2022\/01\/scroll-g2d21c4dbe_1920-150x150.jpg","type":"","width":"","height":""}],"twitter_card":"summary_large_image","twitter_misc":{"Dur\u00e9e de lecture estim\u00e9e":"1 minute"},"schema":{"@context":"https:\/\/schema.org","@graph":[{"@type":"WebPage","@id":"https:\/\/nathalie-aurand-sophrologue.fr\/?page_id=2921","url":"https:\/\/nathalie-aurand-sophrologue.fr\/?page_id=2921","name":"Sophro'infos : la lettre d'informations ! - Jules Renard :","isPartOf":{"@id":"https:\/\/nathalie-aurand-sophrologue.fr\/#website"},"primaryImageOfPage":{"@id":"https:\/\/nathalie-aurand-sophrologue.fr\/?page_id=2921#primaryimage"},"image":{"@id":"https:\/\/nathalie-aurand-sophrologue.fr\/?page_id=2921#primaryimage"},"thumbnailUrl":"https:\/\/nathalie-aurand-sophrologue.fr\/wp-content\/uploads\/2022\/01\/scroll-g2d21c4dbe_1920-150x150.jpg","datePublished":"2022-01-24T08:31:33+00:00","dateModified":"2025-05-15T15:16:00+00:00","description":"Sophro'infos : la lettre d'informations ! Restez en contact pour \u00eatre inform\u00e9(e) des articles, des ateliers et des \u00e9v\u00e8nements \u00e0 venir !","breadcrumb":{"@id":"https:\/\/nathalie-aurand-sophrologue.fr\/?page_id=2921#breadcrumb"},"inLanguage":"fr-FR","potentialAction":[{"@type":"ReadAction","target":["https:\/\/nathalie-aurand-sophrologue.fr\/?page_id=2921"]}]},{"@type":"ImageObject","inLanguage":"fr-FR","@id":"https:\/\/nathalie-aurand-sophrologue.fr\/?page_id=2921#primaryimage","url":"https:\/\/nathalie-aurand-sophrologue.fr\/wp-content\/uploads\/2022\/01\/scroll-g2d21c4dbe_1920.jpg","contentUrl":"https:\/\/nathalie-aurand-sophrologue.fr\/wp-content\/uploads\/2022\/01\/scroll-g2d21c4dbe_1920.jpg","width":1920,"height":1920,"caption":"Sophro\u2019infos : la lettre d\u2019informations !"},{"@type":"BreadcrumbList","@id":"https:\/\/nathalie-aurand-sophrologue.fr\/?page_id=2921#breadcrumb","itemListElement":[{"@type":"ListItem","position":1,"name":"Accueil","item":"https:\/\/nathalie-aurand-sophrologue.fr\/"},{"@type":"ListItem","position":2,"name":"Sophro&rsquo;infos : la lettre d&rsquo;informations !"}]},{"@type":"WebSite","@id":"https:\/\/nathalie-aurand-sophrologue.fr\/#website","url":"https:\/\/nathalie-aurand-sophrologue.fr\/","name":"Jules Renard :","description":"&quot;Papillon. Ce billet doux pli\u00e9 cherche une adresse de fleur&quot;. ","publisher":{"@id":"https:\/\/nathalie-aurand-sophrologue.fr\/#organization"},"potentialAction":[{"@type":"SearchAction","target":{"@type":"EntryPoint","urlTemplate":"https:\/\/nathalie-aurand-sophrologue.fr\/?s={search_term_string}"},"query-input":{"@type":"PropertyValueSpecification","valueRequired":true,"valueName":"search_term_string"}}],"inLanguage":"fr-FR"},{"@type":"Organization","@id":"https:\/\/nathalie-aurand-sophrologue.fr\/#organization","name":"Jules Renard :","url":"https:\/\/nathalie-aurand-sophrologue.fr\/","logo":{"@type":"ImageObject","inLanguage":"fr-FR","@id":"https:\/\/nathalie-aurand-sophrologue.fr\/#\/schema\/logo\/image\/","url":"https:\/\/nathalie-aurand-sophrologue.fr\/wp-content\/uploads\/2021\/12\/cropped-entete-bl-2-scaled.png","contentUrl":"https:\/\/nathalie-aurand-sophrologue.fr\/wp-content\/uploads\/2021\/12\/cropped-entete-bl-2-scaled.png","width":2560,"height":1782,"caption":"Jules Renard :"},"image":{"@id":"https:\/\/nathalie-aurand-sophrologue.fr\/#\/schema\/logo\/image\/"}}]}},"_links":{"self":[{"href":"https:\/\/nathalie-aurand-sophrologue.fr\/index.php?rest_route=\/wp\/v2\/pages\/2921","targetHints":{"allow":["GET"]}}],"collection":[{"href":"https:\/\/nathalie-aurand-sophrologue.fr\/index.php?rest_route=\/wp\/v2\/pages"}],"about":[{"href":"https:\/\/nathalie-aurand-sophrologue.fr\/index.php?rest_route=\/wp\/v2\/types\/page"}],"author":[{"embeddable":true,"href":"https:\/\/nathalie-aurand-sophrologue.fr\/index.php?rest_route=\/wp\/v2\/users\/2"}],"replies":[{"embeddable":true,"href":"https:\/\/nathalie-aurand-sophrologue.fr\/index.php?rest_route=%2Fwp%2Fv2%2Fcomments&post=2921"}],"version-history":[{"count":5,"href":"https:\/\/nathalie-aurand-sophrologue.fr\/index.php?rest_route=\/wp\/v2\/pages\/2921\/revisions"}],"predecessor-version":[{"id":4760,"href":"https:\/\/nathalie-aurand-sophrologue.fr\/index.php?rest_route=\/wp\/v2\/pages\/2921\/revisions\/4760"}],"wp:attachment":[{"href":"https:\/\/nathalie-aurand-sophrologue.fr\/index.php?rest_route=%2Fwp%2Fv2%2Fmedia&parent=2921"}],"curies":[{"name":"wp","href":"https:\/\/api.w.org\/{rel}","templated":true}]}}